{"id":2573,"date":"2025-04-14T18:07:05","date_gmt":"2025-04-14T18:07:05","guid":{"rendered":"https:\/\/kirchenchor-vorst.de\/?post_type=tribe_events&#038;p=2573"},"modified":"2025-04-14T18:07:05","modified_gmt":"2025-04-14T18:07:05","slug":"chorproben-mit-elena-baer-jetzt-wieder-jeden-donnerstag","status":"publish","type":"tribe_events","link":"https:\/\/kirchenchor-vorst.de\/?tribe_events=chorproben-mit-elena-baer-jetzt-wieder-jeden-donnerstag","title":{"rendered":"Chorproben mit Elena B\u00e4r jetzt wieder jeden Donnerstag"},"content":{"rendered":"<p>Zum <span style=\"color: #ff0000;\">01.05.2025<\/span> \u00fcbernimmt unsere fr\u00fchere Chorleiterin &#8211; <span style=\"color: #ff0000;\">Elena B\u00e4r<\/span> &#8211; wieder den Kirchenchor Vorst.<br \/>\nDie Proben finden ab dem <span style=\"color: #ff0000;\">08.Mai 202<\/span>5 wieder jeden <span style=\"color: #ff0000;\">Donnerstag<\/span> statt.<\/p>\n","protected":false},"excerpt":{"rendered":"<p>Zum 01.05.2025 \u00fcbernimmt unsere fr\u00fchere Chorleiterin &#8211; Elena B\u00e4r &#8211; wieder den Kirchenchor Vorst. Die Proben finden ab dem 08.Mai 2025 wieder jeden Donnerstag statt.<\/p>\n","protected":false},"author":1,"featured_media":0,"comment_status":"open","ping_status":"closed","template":"","meta":{"_tribe_events_status":"","_tribe_events_status_reason":""},"tags":[],"tribe_events_cat":[],"_links":{"self":[{"href":"https:\/\/kirchenchor-vorst.de\/index.php?rest_route=\/wp\/v2\/tribe_events\/2573"}],"collection":[{"href":"https:\/\/kirchenchor-vorst.de\/index.php?rest_route=\/wp\/v2\/tribe_events"}],"about":[{"href":"https:\/\/kirchenchor-vorst.de\/index.php?rest_route=\/wp\/v2\/types\/tribe_events"}],"author":[{"embeddable":true,"href":"https:\/\/kirchenchor-vorst.de\/index.php?rest_route=\/wp\/v2\/users\/1"}],"replies":[{"embeddable":true,"href":"https:\/\/kirchenchor-vorst.de\/index.php?rest_route=%2Fwp%2Fv2%2Fcomments&post=2573"}],"version-history":[{"count":1,"href":"https:\/\/kirchenchor-vorst.de\/index.php?rest_route=\/wp\/v2\/tribe_events\/2573\/revisions"}],"predecessor-version":[{"id":2574,"href":"https:\/\/kirchenchor-vorst.de\/index.php?rest_route=\/wp\/v2\/tribe_events\/2573\/revisions\/2574"}],"wp:attachment":[{"href":"https:\/\/kirchenchor-vorst.de\/index.php?rest_route=%2Fwp%2Fv2%2Fmedia&parent=2573"}],"wp:term":[{"taxonomy":"post_tag","embeddable":true,"href":"https:\/\/kirchenchor-vorst.de\/index.php?rest_route=%2Fwp%2Fv2%2Ftags&post=2573"},{"taxonomy":"tribe_events_cat","embeddable":true,"href":"https:\/\/kirchenchor-vorst.de\/index.php?rest_route=%2Fwp%2Fv2%2Ftribe_events_cat&post=2573"}],"curies":[{"name":"wp","href":"https:\/\/api.w.org\/{rel}","templated":true}]}}

Chorproben mit Elena Bär jetzt wieder jeden Donnerstag

<p>Zum <span style="color: #ff0000;">01.05.2025</span> übernimmt unsere frühere Chorleiterin &#8211; <span style="color: #ff0000;">Elena Bär</span> &#8211; wieder den Kirchenchor Vorst.<br />
Die Proben finden ab dem <span style="color: #ff0000;">08.Mai 202</span>5 wieder jeden <span style="color: #ff0000;">Donnerstag</span> statt.</p>

<p>Zum 01.05.2025 übernimmt unsere frühere Chorleiterin &#8211; Elena Bär &#8211; wieder den Kirchenchor Vorst. Die Proben finden ab dem 08.Mai 2025 wieder jeden Donnerstag statt.</p>
